 -32 + -56.
131
What is the value of -2 - 21 - (1099 + -1130) - (-59 - 0)?
67
-47 + (-3 - (-185 - -91))
44
Evaluate (-11 + 18 + -85 - -18) + 33.
-27
Calculate -11 + 11 + -4 + 33 - 16.
13
(75 - 85) + (1 - (3 + -1 - 5)) - -22
16
What is 7963 + -8203 - (3 - 157)?
-86
What is the value of -26 - 0 - (55 + -35 + -26 + 22)?
-42
Calculate -17 + 0 + (-14069 - -14016).
-70
Calculate 65 - (-2 - (48 - 59)).
56
Calculate 1 + 32 + (2 - (7 - 3)) + 9 + 0.
40
Calculate 3 + 5 - (39 + -1 + 8 + 4 + -25).
-17
What is -31 + -4 + (-6 - -15)?
-26
What is 34 + (55 - 214) + 62?
-63
What is the value of -14 - -64 - (9 + 4 + -9 + 10)?
36
What is (3 + 2 - (48 + (-33 - 43))) + 12?
45
What is -11 + 18 + 8 + -55?
-40
67 - (-1 - -2) - (-1 - 0 - (-1967 + 1965))
65
Evaluate (-60 - -29) + (-2 - -67).
34
4993 + -4988 - (((-18 - 1) + -2 - -2) + 1)
23
Evaluate 5974 - 5891 - (79 - 0).
4
What is the value of -14 + -5 + (21 - 40) + 34?
-4
Calculate 27 + 17 + 120 + -59 + 0 + 2.
107
1 + 80 - (-18 - (-91 + 90))
98
18 - ((9 - (-5 + 25 - 2)) + -15)
42
Calculate (-103 - -93) + 30 + 1 - 35.
-14
(390 - 285) + -42 + 1 + 1 + -1 + -12
52
What is the value of -73 + (4 + (1 + 1 - 2) - (-2011 + 2018))?
-76
What is the value of (219 - 110) + -166 - -52?
-5
Calculate -12 - (-51 - (18 + -3)).
54
Calculate 37 - 50 - (-120 - -195).
-88
Evaluate (0 - (0 - (61 - -3))) + -34 + 4 + 42.
76
Evaluate (19 - 1 - (898 + -913)) + 53.
86
Evaluate -6 + 11 + 9 + -44 + 48 + (0 - 8).
10
Calculate (19 - (-16 - (-14 + -5))) + -50.
-34
Evaluate -12 - ((-6 - -2) + (-27 - -15 - -64)).
-60
8 - (-96 - 23) - (-3 + 5)
125
-4 + (-5 - 0) - (-3 + (2 + 2 - 6))
-4
Evaluate (-70 - (-58 - 25)) + (-4 - -2) + 40.
51
-107 + 94 + 7 + 7 + 46
47
(-22 - 0) + 1 + (48 - (55 + (-54 - -31)))
-5
Evaluate 8 - (23 + 35 + (8 - -4) + 3).
-65
Evaluate 9 + -16 + (-3 - ((-9 - 0) + -5 - -4)).
0
Evaluate -89 - (-49 - 4 - -4).
-40
Evaluate -1 + (1 - 0) - 9 - (281 + 386 + -590).
-86
Evaluate -192 - -158 - (-7 + 6 + -8).
-25
(-302 - -350 - ((-8 - 4) + 0)) + (6 - -1)
67
Calculate 75 + -114 - (-1 + 18) - (-2 + (5 - -2)).
-61
Calculate (101 - 36 - 38) + 17.
44
(42 - (-18 - -16)) + 25 + -15
54
Calculate (4 - -17) + 12 + 1 + 1 + -11.
24
-151 - (35 - 60 - 13)
-113
Evaluate -70 + -3 + 9 + 54.
-10
What is the value of (-30 - -4) + (20 - -3) + 2 + -125?
-126
What is 25 + (-87 - -16) + -1 + 22?
-25
What is the value of 96 + -29 + 27 + (9 - 19)?
84
What is -47 - (24 + 57 - 87)?
-41
What is the value of -85 + (1 - -1) + 25 + 16?
-42
Evaluate -39 - -33 - ((-17 - 4) + 20 - 103).
98
What is (30 - (0 + 3 + -6)) + (-40 - -25)?
18
56 + (-81 + 81 + (-3 - -6) - 7)
52
What is the value of 26 + -1 - (1 - (-6 + 0) - (-27 - -44))?
35
What is -94 + (-13 - (17 - -1 - (337 + -302)))?
-90
(-7 - -10 - 5) + (11 - (-1 + 4)) - -99
105
What is 55 + 15 - (-310 - -412)?
-32
What is the value of 149 + -128 + -62 + 12?
-29
Evaluate 2 + (-13 - -41) + (-24 - -7).
13
-33 + -10 + (-9 - -9 - -16) + 3
-24
What is the value of -2 - (-4 + (-80 - (-8 + 1 + 1 + 3)))?
79
What is the value of ((1 - (-5 + (4 - -6))) + -4 - -109) + 15?
116
Calculate 18 + (1 - 9) + 4 - (-687 + 645).
56
What is 61 + (-53 + 47 - 38)?
17
-5 - 24 - (-53 + 63 + 4)
-43
What is (24 - (-3 - -16 - (27 - (0 + 2)))) + 7?
43
-4 + (10 + -1 - (14 + -3 + -5)) - -78
77
Evaluate 46 - 69 - (-10 - 18).
5
-51 + 1 + -1 - (19 - ((4 - 64) + 66))
-64
What is the value of -35 - (-8 + 15 + -17)?
-25
Calculate 42 + -10 + 0 - (-91 - -88).
35
Calculate -8 - (-47 - (4 - -4 - (21 + 0))).
26
Evaluate 110 + 40 + -164 - (-36 - -4).
18
Evaluate (-42 - (-49 - -31)) + 5 + -29.
-48
What is the value of -11 + (17 + -19 - -53)?
40
Calculate 45 - (-6 - -29) - 38 - 4.
-20
Calculate (0 - -152) + (-1677 - -1626).
101
(-27 - (2 - -10) - (-2 - -5)) + -9 - 8
-59
-56 - (-28 + (-6 - -16) + 26)
-64
What is the value of 58 + (27 - (-7 + 127))?
-35
What is the value of (-33 - (31 + (33 - 85))) + -40?
-52
15 + -31 + 51 + (-2 + 1 - (66 - 68))
36
Evaluate -35 + (5 + 10 - 15) + -25 + 18.
-42
Evaluate -30 - (44 - 15) - -55.
-4
(-3077 - -3062) + (0 - 24)
-39
-3 - -76 - (((-15 - 3) + 9 - 6) + 12)
76
What is 62 + 2 + 17 + -45?
36
What is 184 + (253 - 469) + 1 + 15?
-16
2 + (-3 - 6) - (-12 + 9 + (0 - 6))
2
(11 - 9) + -5 + 3 - -1 - (38 - -2)
-39
(10 - (-14 - -19)) + (-31 - (6 - -1))
-33
Evaluate (3 - 4) + (42 - -18) + 16 + 10.
85
What is 53 - (-9 - (-7 + -32))?
23
What is -16 + 0 + 69 + (34 - 24) - 8?
55
Evaluate -150 + 174 - (-71 + 22).
73
-3 + -13 + (-49 - -113 - (7 - -8))
33
Evaluate -2 - ((-14 - -13 - -46) + -9 + 14 + -12).
-40
What is the value of (-61 - -35) + 52 + 25?
51
Evaluate -16 - -7 - (-10 + -2 + 14 - 3).
-8
Evaluate -3 + 38 + -43 + 3 + -29 + -2.
-36
Calculate 2056 + -2121 - (-3 - (9 + 2)).
-51
What is 215 - (139 + 7) - 135?
-66
What is the value of 168 + -61 + -235 + 102?
-26
What is the value of (2 - -15) + (0 - (6 + -2)) + (-1338 - -1236)?
-89
Evaluate (1 - -24) + (124 - ((30 - -10) + -12)).
121
(0 - 25) + (-87 - -100) - -26
14
Calculate -22 + 53 - (-78 + 76).
33
What is (64 - 51) + -3 + -58 + 20?
-28
Calculate (3 - 2) + (727 - 708) - (85 - 1).
-64
What is the value of 61 + -10 + (0 - (12 + -5))?
44
What is (2 - (-18 - (-16 - 26))) + 32?
10
-4 + 2 - (-10 - (10 - -7 - (48 + -5)))
-18
Evaluate -2 - -16 - (31 - (50 + -14)).
19
Calculate (-6 - (-78 - -9)) + (-4 - 4) + 7 + -8.
54
What is (3 - -2) + (1225 - 1227)?
3
61 + (-75 - 15) - (2 + -1)
-30
Evaluate -67 - (3 + 11 + -21) - 11.
-71
Evaluate (-2 - 23) + 28 + 0 + (-32 - -16).
-13
What is 56 + 0 + -2 - (5 + 88 + -89)?
50
What is the value of -13 + (-2 - 5) + (-4 - -32) + -18?
-10
Evaluate (-4 - (-2 + 7)) + 69 + 45 + -47.
58
What is -7 + (-4 - 9 - -39 - (25 - 29))?
23
Calculate (-6 + 6 - -4) + -13 - ((-20 - -19) + 15).
-23
What is the value of -106 + 90 + -46 + 65?
3
What is the value of -506 + 529 + -5 + -4?
14
What is the value of -20 + (-358 - -333) + (4 - 1)?
-42
What is 12 - -13 - (10 + 6 + 42)?
-33
Calculate (44 - (-127 + 167)) + (-1 - 27).
-24
What is -24 - (-88 + 25 + 56)?
-17
(5180 - 5307) + 2 + 78
-47
Calculate 17 + (21 - (10 + 9)) - 43.
-24
-48 + 61 + -8 + -22 + (2 - -4)
-11
What is the value of 16 - ((-73 - -33) + 30)?
26
Calculate 7 + (20 + 22 - 36).
13
What is the value of -9 - (211 + -241 - (-2 + -13) - (60 + 2))?
68
Evaluate 6 + -91 + 11 - (-13 + (8 + 14 - 10)).
-73
Evaluate 0 + -34 + (-806 - -807) - -112.
79
-1 + 51 - (-3841 - -3856)
35
Evaluate 86 + -136 + 58 + (-1 - 9) + 2 - 9.
-9
What is the value of (9 + -4 + 36 - 14) + -17 + 58?
68
What is the value of -4 + -1 + -1182 + 1169?
-18
Calculate 57 + -94 + 15 + -29 + 13.
-38
What is the value of -32 + 23 - ((16 - 5) + -58)?
38
5 - (-19 - (-20 + (24 - 1)))
27
What is the value of 0 + 17 + -4750 + 4734?
1
What is the value of (-20 - -36) + 25 + -27?
14
What is the value of 4 + -1 - (-111 + (58 - -81))?
-25
-35 - ((38 + -11 - 8) + 12)
-66
1 - 1 - (-145 - -303 - 177)
19
Evaluate (43 - 15) + -73 + 7 - (-1 - (-2 + 0)).
-39
-23 - (17 + (-25 + 23 - -6))
-44
Calculate -82 + (0 - ((-18 - -11 - 6) + 0)).
-69
What is the value of 98 + (-66 - 213) + 94?
-87
What is the value of 2 + (-1 - 6) + (-1 - -3) + 190 + -196?
-9
What is the value of (-4 - -155) + -169 - (1 - 15)?
-4
What is the value of -443 + 550 + (1 - -3) + 12 + 18 + -26?
115
Evaluate (-26 - -1) + (-2 + -33 - -16 - -7).
-37
Evaluate (-139 - -15 - -59) + 5.
-60
What is the value of 2038 - 2051 - (1 + -38)?
24
(1 - -11) + 17 + -9 + -5 - 2
13
What is the value of 10 + (-1 - (46 + -53))?
16
Calculate -70 - -90 - (0 + -27).
47
What is (-16 - (-8 + 35 - 73)) + 28?
58
Evaluate -126 + 48 + -35 + (43 - 31).
-101
415 + -284 + (1 - 3) - (0 - -5)
124
What is 109 + (-1 - -13 - 0) + (13 - 37) + 7?
104
Evaluate 108 + -69 + -85 + 116.
70
Evaluate 2 + (25 + -20 - 7) + (0 - -8).
8
(9 - 2) + (-3 - (-8 + (2 - -9))) - 33
-32
What is the value of -5 - ((3 - 156) + (1110 - 1078))?
116
Evaluate (133 - 113) + (37 - 18).
39
Calculate 5 - -10 - ((-19 - -19 - -6) + 13).
-4
-38 - 21 - (-125 - -25)
41
Evaluate (1 - -49) + 8 - -7.
65
What is the value of 8 + 37 + -15 + -23 + -16 + 0 - 5?
-14
38 + -13 + 16 + 1 + (0 - (6 + -6))
42
What is the value of -127 + (29 - 10) + 66?
-42
What is 5 + (-108 + (231 - -2) - (4 + -1))?
127
What is (1582 - 1583) + (2 + (-39 - -3) - 0)?
-35
What is the value of -13 - ((-10 - (-13 + 3)) + -18)?
5
Evaluate -26